m(b) = -b + 12. Let s be m(15). Calculate x(s).
-2
Let s(x) = x + 15. Suppose -4*l - 38 = 3*q - 6*q, 5*q + 22 = -4*l. Give s(l).
7
Let z(p) = 19*p + 1094. Let b be z(-58). Let r(s) = -5*s - 14. Suppose -11 = -2*f - 33. Let a(v) = 14*v + 41. Let n(i) = f*r(i) - 4*a(i). Calculate n(b).
-2
Let f(n) = -n**3 + 2*n**2 - 4. Let d = -240 - -243. Determine f(d).
-13
Let z(d) = -d**3 + 6*d**2 + 3*d - 11. Let i be (-3 - -3)/13 + 3*2. Determine z(i).
7
Let n = -1 - -20. Suppose -4*j + 17 = -n. Suppose 2*x - 5*x = j. Let b(w) = -w**2 - 2*w. Determine b(x).
-3
Let o(b) = 6 + b - 6*b + b + 5*b. Calculate o(-7).
-1
Suppose 7*l - 5*l + 3*q + 19 = 0, 0 = 2*q + 10. Let p(d) = d**3 + 3*d**2 + 2*d + 2. What is p(l)?
2
Let p(w) = -w**3 + 3*w**2 + 2*w - 2. Suppose -20 + 5 = -5*h. Let c be p(h). Let a(x) be the first derivative of -x**2/2 - 2*x + 50. Calculate a(c).
-6
Let b(k) = -7*k**3 + 8*k - 7. Let y be b(2). Let v = 48 + y. Let o(n) = -6*n. Give o(v).
-6
Let n(b) = -b**2 + 2*b - 7. Suppose -215*z + 219*z = 12. Give n(z).
-10
Let j(x) be the first derivative of -1/3*x**3 + 18 + 4*x + 5/2*x**2. Determine j(6).
-2
Let j(c) = c**2 - 3*c + 0*c**2 - c. Let h(q) = q**2 - 10*q. Let n be h(10). Let v be -1*(-2 - 1 - n). Give j(v).
-3
Let s(l) = l**2 + 4*l + 5. Let z be s(-4). Let k(y) be the second derivative of y**5/20 - 5*y**4/12 - y**3/6 + 2*y**2 + 366*y. Give k(z).
-1
Let s be (-32)/(-1 + -1) - 3. Let j = s - 14. Let c(x) be the first derivative of 5*x**3/3 + x**2/2 - 60. What is c(j)?
4
Suppose -11 = 4*p - 35. Let l(b) = b**2 - 11*b + 17. Let k(f) = f**2 - 12*f + 19. Let v(z) = -5*k(z) + 6*l(z). What is v(p)?
7
Let m(b) = -2*b + 2*b - 3 - b. Let w = -2388 + 2392. Give m(w).
-7
Let l(h) = h**3 + 14*h**2 + 13*h + 6. Let f(a) = -a**2 + 17*a + 187. Let j be f(-8). Give l(j).
6
Suppose 164*c - 161*c = 6. Let v(m) = 10*m - 3. What is v(c)?
17
Let c be 6/(-27) + 4/18. Suppose -3*f + 3 = -c*f. Let u(w) be the third derivative of w**5/60 - w**4/24 - w**3/6 - 10*w**2 + 2*w. What is u(f)?
-1
Let i(x) = -15 + 17 - 7*x + 4*x + 2*x. What is i(-7)?
9
Let c = 937 - 937. Let g(i) = -i**3 + i - 36. Determine g(c).
-36
Let n(y) be the second derivative of -y**4/12 + 5*y**3/3 + 9*y**2/2 - 107*y. Give n(11).
-2
Let r(z) = -4*z**2 + 1. Suppose -7 = -26*h + 33*h. What is r(h)?
-3
Suppose 3*n = 5*c - 60, 3*c + c - 2*n - 48 = 0. Let w(r) = r**2 - 13*r + 3. Calculate w(c).
-9
Let b(n) be the first derivative of -14 - 1/2*n**2 - 3*n. Suppose o + 5*t - 19 = 0, 10 = -3*o + 4*o + 2*t. What is b(o)?
-7
Let n(w) = -62*w + 71*w - 1 - 2*w**3 + 6*w**2 + 2*w**3 - w**3. Give n(7).
13
Suppose -8*c + 33 = -7. Suppose -2*h + d = -3*h - 4, -c*h - 3*d - 24 = 0. Let n(y) = y**3 + 5*y**2 - 8*y - 1. Give n(h).
11
Suppose 5*c + 15 = -5*v, 3*v + 2 - 28 = 4*c. Let o(k) = -2*k**2 + 3. Let q(p) = -p**2 + p + 3. Let j(n) = v*o(n) - 3*q(n). Calculate j(-2).
-1
Let y(f) be the first derivative of -7*f**2/2 + f - 1. Let d = 169 - 168. Calculate y(d).
-6
Let r(p) be the first derivative of -2*p**3/3 - p**2 - p + 2. Suppose -53*f + 56*f = -3. Calculate r(f).
-1
Let z = 16 - 21. Let k(q) be the third derivative of -q**5/60 - 7*q**4/24 - 2*q**3/3 + 4*q**2. Determine k(z).
6
Suppose 7*m - 42 + 7 = 0. Suppose -3*z = 4*s - 31, -23 - 2 = -m*z. Let k(n) = -s + 15*n**2 - 7*n**2 + 3 + n. Calculate k(1).
8
Let j(h) = -2*h - 5. Let v(s) = -3*s - 10. Suppose 21 = 6*y + y. Let x(m) = y*v(m) - 5*j(m). Determine x(11).
6
Let l = -44 - -48. Let m be (-6)/l*(-4)/(-3). Let w(a) = a**3 + 2*a**2 + 4*a + 2. What is w(m)?
-6
Let b = -2 - -3. Let g(u) = -648*u**2 + 1284*u**2 + 2*u**3 - 635*u**2 - u. Give g(b).
2
Let p(c) = -53*c - 17. Let a(y) = 21*y + 8. Let m(r) = -5*a(r) - 2*p(r). Give m(5).
-1
Let i(m) = 5*m. Let z = -67 + 71. Let o be (2/(z/3))/(3/(-6)). Calculate i(o).
-15
Suppose 3*z - 24 = -9. Let k(b) = z*b**2 + 8*b**2 - 8*b - 18*b**2 + 4*b**2 + 13. Calculate k(-9).
4
Let r(o) be the second derivative of 3*o**5/10 - o**4/12 - o**3/6 + o**2/2 + o. Let q(l) = -4*l**3 - 35*l**2 - 25*l - 7. Let j be q(-8). Give r(j).
5
Let n(y) = y**3 + 15*y**2 - 17*y - 13. Let t be 6/(-18)*33 - 5. Determine n(t).
3
Suppose -1 = x + 2*x - 5*u, 0 = -2*u + 4. Let c(b) be the second derivative of 1/12*b**4 + b + 0*b**3 - 1/2*b**2 + 0. What is c(x)?
8
Suppose -2*p = -2 - 2. Let z(s) = -4*s**2 - 2 - s**3 + 4*s - 6*s**p + 7*s**2 + 2*s**3. Give z(2).
2
Let t(n) = n**2 - 12*n - 25. Let f be t(13). Let c be (30/f)/(1/(-2)). Let r(z) = -z**2 + 6*z + 1. Calculate r(c).
6
Let p = 4 + -2. Let r(v) = -2 + 3 - p*v**2 - 2 + 2*v. What is r(2)?
-5
Let s(m) = -m - 2. Let p(o) = o + 3. Let b(n) = -2*p(n) - 3*s(n). Let j = 15 - 18. Calculate b(j).
-3
Let h(k) = -5*k**2 - k. Let z(r) = r - 9. Let s(v) = v**3 + 11*v**2 + 10*v + 10. Let p be s(-10). Let n be z(p). What is h(n)?
-6
Let b(i) = -8*i + 2*i**2 - 9 + i**2 - 4*i**2. Let f(t) = -t**3 + 3*t**2 + 3*t - 5. Let h be f(4). Let x be h*(12/9)/2. Calculate b(x).
3
Suppose -4*q - 8 = -2*j - 2*j, 0 = -3*q - 2*j + 19. Suppose 0 = q*h - 5*o + 11, 2*h - o + 0 = 2. Let s(l) = -l**3 + 5*l**2 - 2*l - 3. Determine s(h).
9
Let d(l) be the third derivative of l**6/120 - l**5/4 - l**4/24 + 19*l**3/6 + 441*l**2. What is d(15)?
4
Let l be ((0 + 0)/2)/(-3). Let v be 1 + (l/(-2))/(-5). Let c(g) = g - 4*g**3 - 3*g**3 + 0*g**3 - 1. What is c(v)?
-7
Let m be 3/((-15)/(-2))*5. Suppose 0 = -l - 3*l + 36. Let s(o) = 4*o + 0*o + 10 - l. Determine s(m).
9
Suppose -2*d + 6 + 2 = 0. Let g(u) = -u + 5. Let t be g(d). Let z(k) = -93*k - 11*k**3 + 186*k - k**2 - 94*k + 1. Give z(t).
-12
Suppose 2*f + 2 = -0. Let o(p) = -4*p - 12. Let n(m) = 1. Let k(b) = 12*n(b) + o(b). Calculate k(f).
4
Let w(g) = g**3 + 2*g**2 + 5*g. Suppose -o = -2*f + 14, 3*o - o - f = -13. What is w(o)?
-52
Suppose 6 + 10 = -4*v. Let d(o) = o - 1. Let x(m) = m**2 + 9*m - 3. Let j(f) = v*d(f) + x(f). Give j(-4).
-3
Let b(l) = -l**2 + 3 + 2 - 5. Calculate b(1).
-1
Let i be (-265)/(-100)*5 + (-5)/20. Let p(u) = u**2 - 13*u + 14. What is p(i)?
14
Let w(n) = n**2 + 10*n + 12. Suppose -12*i + 445 + 623 = 0. Let t = 80 - i. Determine w(t).
3
Let s(x) be the first derivative of -5*x**2/2 + 33. Let d(a) = -2*a + 1. Let l(q) = -7*d(q) + 3*s(q). Calculate l(-7).
0
Let t = -31123/24 + 1297. Let b(h) be the third derivative of -t*h**4 + 0*h + 5*h**2 - 1/6*h**3 + 0. Give b(-2).
9
Let c(j) = 10*j**3 + 33*j**3 - 23*j**3. Determine c(1).
20
Let r = 5 + 1. Let d(v) = -20*v**2 + 11*v - 5. Let q(o) be the first derivative of -7*o**3/3 + 2*o**2 - 2*o + 19. Let z(u) = r*d(u) - 17*q(u). What is z(-3)?
1
Let c(b) = 6*b - 15*b - b**3 + 10*b + 4 - 4*b**2. Let p = -10 - -3. Let y = -11 - p. What is c(y)?
0
Suppose 0 - 8 = 2*b - 3*t, -2 = 3*b - 2*t. Let p(r) = -1 + 34*r**2 - r - 16*r**b - 17*r**2. Calculate p(0).
-1
Let a(j) = -12 + 1 + 7*j + 11 - 3 - 8*j. Calculate a(-5).
2
Let j(i) = 8*i**3 - 9*i**2 + i - 8. Let o(v) = v**3 - v**2 - 1. Let l(d) = -j(d) + 6*o(d). Calculate l(2).
-4
Suppose -3*q = -2*t - 2*t - 2, 0 = -3*t + 3*q - 3. Suppose a + 4*a - 15 = 0. Let h(d) = a + t + 4 + d - 9. Calculate h(-6).
-7
Let z(h) be the first derivative of 1/4*h**4 - 1/3*h**3 + 3*h + 2 - 1/2*h**2. Let i be 0*(1 - 2)*1. Determine z(i).
3
Let k be -2 + 8/48 + 26/(-12). Let g(a) = a**3 + 2*a + 1. Let p(u) = u**3 - 4*u**2 - 3. Let z(h) = 2*g(h) - p(h). Calculate z(k).
-11
Let m(k) = -k - 7 + 5 + 2. Let n be m(-6). Let v(s) = 2*s - 1 + 3 - 6. Determine v(n).
8
Let r(z) = z**2 - 9*z + 3. Suppose -73*x = -67*x - 36. Calculate r(x).
-15
Let l = 6 + -3. Let z be (-1*1)/(l/9). Let i(w) be the first derivative of -w**2/2 - 7*w - 62. What is i(z)?
-4
Let y(n) = -n**3 - 20*n**2. Let r be y(-20). Let v(s) = r*s**2 + s - 1493 + 2*s**2 + 1492. Give v(1).
2
Let f(a) be the second derivative of -a**4/24 - 7*a**3/3 + 6*a**2 + 9*a. Let k(h) be the first derivative of f(h). Determine k(0).
-14
Let o(x) = -168 - 3*x + 346 - 174. Let p be 1/((-1)/((-3)/1)). Give o(p).
-5
Let w(r) be the second derivative of -r**5/4 - r**3/6 - r - 162. Let g = -3 - -4. Determine w(g).
-6
Let i = -1 + 3. Let o(m) be the first derivative of -17 - 1/3*m**3 + 3/2*m**2 - 1/4*m**4 - m. Determine o(i).
-7
Let q(v) be the third derivative of v**5/60 - 67*v**2. Determine q(-4).
16
Suppose -4 = -3*r + 8. Let o(k) = -2*k - k**2 + 2*k + r. Let d be (-2 - -2)/(-86 + 89). Ca